{"id":36,"date":"2020-12-22T14:51:30","date_gmt":"2020-12-22T13:51:30","guid":{"rendered":"http:\/\/www.smsgl.fr\/wp2\/?page_id=36"},"modified":"2020-12-22T14:51:31","modified_gmt":"2020-12-22T13:51:31","slug":"activites","status":"publish","type":"page","link":"http:\/\/www.smsgl.fr\/wp2\/activites\/","title":{"rendered":"Activit\u00e9s"},"content":{"rendered":"\n<p><strong>Afin de remplir au mieux les missions qu\u2019elle s\u2019est fix\u00e9e, la Soci\u00e9t\u00e9 Mycologique de Saint-Genis-Laval met en place diverses actions destin\u00e9es \u00e0 promouvoir la mycologie.<\/strong><\/p>\n\n\n\n<p>Un cycle d\u2019initiation, destin\u00e9 aux soci\u00e9taires qui d\u00e9butent l\u2019\u00e9tude des champignons, se propose de leur apprendre les bases de la mycologie.<\/p>\n\n\n\n<p>Plusieurs sorties sont organis\u00e9es \u00e0 diff\u00e9rentes p\u00e9riodes de l\u2019ann\u00e9e, permettant ainsi d\u2019\u00e9tudier aussi bien les champignons de printemps que les esp\u00e8ces d\u2019\u00e9t\u00e9 et d\u2019automne.<\/p>\n\n\n\n<p>Chaque dernier vendredi du mois une r\u00e9union est organis\u00e9e qui permet aux adh\u00e9rents de s\u2019informer sur l\u2019actualit\u00e9 de la soci\u00e9t\u00e9, et de suivre des conf\u00e9rences anim\u00e9es par des personnes comp\u00e9tentes. (par exemple <a href=\"http:\/\/www.smsgl.fr\/geolsol\/conference.html\">conf\u00e9rence sur les roches, les sols et la v\u00e9g\u00e9tation, anim\u00e9e par M. Gilles CARBONNEL<\/a>, ou <a href=\"http:\/\/www.smsgl.fr\/conf.f-lopez26-4-13\/expose-f-lopez.htm\">Les champignons des Monts du Lyonnais pr\u00e9sent\u00e9s par FRANCOIS LOPEZ.)<\/a><\/p>\n\n\n\n<p>Une exposition annuelle, d\u00e9but octobre, permet de pr\u00e9senter environ 400 esp\u00e8ces de champignons frais, o\u00f9 le n\u00e9ophyte comme le mycologue confirm\u00e9 trouvent la possibilit\u00e9 de parfaire leurs connaissances mycologiques.<\/p>\n\n\n\n<p>Chaque lundi soir, une s\u00e9ance de d\u00e9termination de champignons frais permet aux soci\u00e9taires de participer \u00e0 l\u2019analyse des specimens pr\u00e9sent\u00e9s.<\/p>\n\n\n\n<p>Enfin, plusieurs ateliers regroupant chacun quelques soci\u00e9taires travaillent sur un th\u00e8me ayant un rapport avec les champignons.<\/p>\n<p>Views: 1043<\/p>","protected":false},"excerpt":{"rendered":"<p>Afin de remplir au mieux les missions qu\u2019elle s\u2019est fix\u00e9e, la Soci\u00e9t\u00e9 Mycologique de Saint-Genis-Laval met en place diverses actions destin\u00e9es \u00e0 promouvoir la mycologie. Un cycle d\u2019initiation, destin\u00e9 aux soci\u00e9taires qui d\u00e9butent l\u2019\u00e9tude des champignons, se propose de leur apprendre les bases de la mycologie. Plusieurs sorties sont organis\u00e9es \u00e0 diff\u00e9rentes p\u00e9riodes de l\u2019ann\u00e9e, [&hellip;]<\/p>\n","protected":false},"author":1,"featured_media":0,"parent":0,"menu_order":0,"comment_status":"closed","ping_status":"closed","template":"","meta":{"advgb_blocks_editor_width":"","advgb_blocks_columns_visual_guide":""},"coauthors":[],"author_meta":{"author_link":"http:\/\/www.smsgl.fr\/wp2\/author\/fresim\/","display_name":"fresim"},"relative_dates":{"created":"Publi\u00e9 5 ans il y a","modified":"Mis \u00e0 jour 5 ans il y a"},"absolute_dates":{"created":"Publi\u00e9 le 22 d\u00e9cembre 2020","modified":"Mise \u00e0 jour le 22 d\u00e9cembre 2020"},"absolute_dates_time":{"created":"Publi\u00e9 le 22 d\u00e9cembre 2020 14h51","modified":"Mise \u00e0 jour le 22 d\u00e9cembre 2020 14h51"},"featured_img_caption":"","featured_img":false,"series_order":"","publishpress_future_action":{"enabled":false,"date":"2026-04-17 14:00:22","action":"change-status","newStatus":"draft","terms":[],"taxonomy":""},"publishpress_future_workflow_manual_trigger":{"enabledWorkflows":[]},"_links":{"self":[{"href":"http:\/\/www.smsgl.fr\/wp2\/wp-json\/wp\/v2\/pages\/36"}],"collection":[{"href":"http:\/\/www.smsgl.fr\/wp2\/wp-json\/wp\/v2\/pages"}],"about":[{"href":"http:\/\/www.smsgl.fr\/wp2\/wp-json\/wp\/v2\/types\/page"}],"author":[{"embeddable":true,"href":"http:\/\/www.smsgl.fr\/wp2\/wp-json\/wp\/v2\/users\/1"}],"replies":[{"embeddable":true,"href":"http:\/\/www.smsgl.fr\/wp2\/wp-json\/wp\/v2\/comments?post=36"}],"version-history":[{"count":1,"href":"http:\/\/www.smsgl.fr\/wp2\/wp-json\/wp\/v2\/pages\/36\/revisions"}],"predecessor-version":[{"id":37,"href":"http:\/\/www.smsgl.fr\/wp2\/wp-json\/wp\/v2\/pages\/36\/revisions\/37"}],"wp:attachment":[{"href":"http:\/\/www.smsgl.fr\/wp2\/wp-json\/wp\/v2\/media?parent=36"}],"curies":[{"name":"wp","href":"https:\/\/api.w.org\/{rel}","templated":true}]}}